. What is the remainder when m is divided by 24?
22
Let v(g) = g + 12. Calculate the remainder when 34 is divided by v(0).
10
Calculate the remainder when 43 is divided by (1 + -19)/((0 - 2) + 0).
7
Calculate the remainder when (-3)/6 - 561/(-6) is divided by 24.
21
Let y(c) = c**3 - 20*c**2 - 19*c - 16. What is the remainder when 102 is divided by y(21)?
24
Suppose 4*j + 5*q - 3 = 41, -2*q = -2*j + 4. Calculate the remainder when j is divided by 4.
2
Let o(i) = -i + 3. What is the remainder when ((-20)/(-6) - 2)*6 is divided by o(0)?
2
Suppose -2*z - 76 = -2*k, 5*k - 4*z = -6*z + 169. Suppose -u = -2*u + k. Calculate the remainder when u is divided by -3 + 45/(-3)*-1.
11
Let z = 12 + -4. Calculate the remainder when z is divided by 5.
3
Let g be (-268)/(-6) + (-2)/(-6). Suppose -3*r = -3*t, -3*r = r + 5*t - g. Calculate the remainder when r is divided by 3.
2
Let g = -67 - -136. Calculate the remainder when g is divided by 18.
15
Let h(c) = -8*c + 11. Let o be (-4)/(-20) - (-92)/(-10). What is the remainder when h(o) is divided by 28?
27
Let i be 70*2*3/(-4). What is the remainder when 35 is divided by 6/14 + (-1215)/i?
11
Suppose -3 - 11 = -2*q - 2*m, 3*m + 4 = 2*q. Let s(u) = -u**2 + u + 3. Calculate the remainder when q is divided by s(0).
2
Let s = -13 - -21. Calculate the remainder when s is divided by 3.
2
Let s(g) = 2*g**2 + 21*g + 1. What is the remainder when 35 is divided by s(-11)?
11
Let b be (-4)/(-18) + 156/27. Suppose o - b*o + 155 = 0. What is the remainder when o is divided by 16?
15
Let v be 2*(1 - (-2)/(-4)). Let x(i) = 4 + 3 + 3*i - 6. Calculate the remainder when 6 is divided by x(v).
2
Suppose 0 = -0*f + f - 4. Suppose -f*m = 8 - 124. What is the remainder when m is divided by 10?
9
Suppose 3*m - 6 = 2*m. What is the remainder when 28 is divided by 89/m + (-1)/(-6)?
13
Calculate the remainder when 35 is divided by ((-6)/(-8))/(4/48).
8
What is the remainder when 3 + 3082/14 + (-1)/7 is divided by 45?
43
Let p be (-4)/(-6) + 94/3. Let g = p - 12. Calculate the remainder when 57 is divided by g.
17
Suppose 7*w = 4*w + 63. Suppose -3*n + 68 = -43. Suppose 2*k + s = 78, 2*k + 5*s + n - 107 = 0. Calculate the remainder when k is divided by w.
19
Suppose 0 = -u + 5. Let j be (-4 - -6)/(2/3). Suppose -6 + 0 = -j*y. What is the remainder when u is divided by y?
1
Let b(i) = i**3 + 2*i**2 - 3*i - 3. Let o be b(-2). What is the remainder when 191/o - (-4)/(-6) is divided by 16?
15
Let z = 31 - 12. Let k = -11 + z. Suppose -2*t = -2*g - 4*t + 52, 5*t + 100 = 5*g. Calculate the remainder when g is divided by k.
7
Suppose o = 107 - 39. Calculate the remainder when o is divided by 10.
8
Suppose 5*l - 156 = -l. Let s be (-33)/(-7) - 6/(-21). Suppose s*p = -8 + 53. What is the remainder when l is divided by p?
8
Let p = 1 - 8. Let h(k) = -2*k - 10. Let u be h(p). Suppose 39 = 3*w - 0*m + u*m, -5*m = -2*w + 49. Calculate the remainder when w is divided by 6.
5
Suppose 0 = -3*n - 53 + 77. What is the remainder when 28 is divided by n?
4
Let c = -10 - -14. Suppose 3*h - 2 = -c*l - 5, -4*h = -12. Let i = 0 - l. Calculate the remainder when 7 is divided by i.
1
Suppose -172 = -3*g - 2*c, 3*c + c + 48 = g. Let p = g - 24. Suppose 5*d - d = -f + 43, -5*f - 16 = -d. Calculate the remainder when p is divided by d.
10
Suppose -2 + 29 = 3*g. What is the remainder when g is divided by 3?
0
Let p(d) = 35*d**2 - d + 1. Suppose 4*l - 2*r + 12 = 0, 4*r - 12 - 3 = -l. What is the remainder when p(1) is divided by 6*(l - -6 - 2)?
17
Calculate the remainder when 55 is divided by 189/(-9)*4/(-6).
13
Let v be 24/2*(-3)/(-12). What is the remainder when (11/v)/((-16)/(-144)) is divided by 9?
6
Let i(y) = -2*y**2 - 3 - 3*y + 3*y**2 - 4. What is the remainder when 21 is divided by i(6)?
10
Let g = 30 + -14. Calculate the remainder when 31 is divided by g.
15
Suppose 0 = -4*m + 8*m - 92. Calculate the remainder when m is divided by (18/8)/((-1)/(-4)).
5
Let q = 4 - 1. Let p(w) = 10*w + 8. Let z be p(-3). Calculate the remainder when (4/(-2))/(z/55) is divided by q.
2
Suppose 2*r - 139 = -9. What is the remainder when r is divided by 33?
32
Let i(f) = 2*f**2 - 5*f - 7. Let u be i(7). Let x = u + -39. What is the remainder when x is divided by 10?
7
Let y = 64 + -26. Suppose 0 = 5*g - 144 - 26. Suppose 4*s = g + 18. Calculate the remainder when y is divided by s.
12
Let n = -5 - -35. Suppose 47 = 5*k - v, 4*k - v + 4*v = n. What is the remainder when 17 is divided by k?
8
Suppose -2*r + 20 = 2*r. Suppose 0 = -4*y + r + 15. What is the remainder when 19 is divided by y?
4
Let m(f) = -8*f**3 - 7*f + 7. Let s(n) = -9*n**3 - 8*n + 8. Let d(z) = -7*m(z) + 6*s(z). Suppose -3 + 11 = 4*u. What is the remainder when d(u) is divided by 6?
5
Let l = 103 - 234. Let z = -92 - l. Calculate the remainder when z is divided by 8.
7
Let b be ((-9)/(-18))/((-1)/(-104)). Suppose 1 = -3*g + b. Calculate the remainder when 33 is divided by g.
16
Let f = 6 + -2. Suppose f*b - 22 = -2*t, 3*b = t - 2*t + 16. Calculate the remainder when 8 is divided by b.
3
Let o(r) = -4*r + 4. Let q(j) = 16*j**2 - 17*j**2 + 4*j - 11 + 8*j. What is the remainder when o(-3) is divided by q(10)?
7
Suppose 0*u - 5*u = 4*m - 19, -2*u = -m - 5. Suppose u*s + 12 = -9. What is the remainder when 15 is divided by (-4)/(-14) - 54/s?
7
Suppose -2*l = 4*d - 1 - 23, d = 5*l - 71. What is the remainder when 39 is divided by l?
11
Suppose 0 = -2*z - v + 152, 5*z + 3*v - 385 = -2*v. Suppose 2*s - o = -2*s + z, 5*o = 4*s - 55. Calculate the remainder when 59 is divided by s.
19
Let s = 51 - 30. Suppose 17*d - s = 14*d. What is the remainder when 19 is divided by d?
5
Suppose y = 2*y + 2*i - 65, 4*i = -5*y + 349. Suppose -2*q + 33 + 5 = 0. Calculate the remainder when y is divided by q.
16
Let i = -10 - -12. Suppose 2*j - 59 = -5*n, j = i*j + 2*n - 27. Calculate the remainder when j is divided by 9.
8
Suppose 2 = -j + 1. Suppose -3*b - 2*b = 0, -4*w + 32 = b. Calculate the remainder when (-15)/(j - 2 - -2) is divided by w.
7
Calculate the remainder when 129 is divided by 3/1 - 360/(-12).
30
Let n(j) = -2*j - 11. Let h be n(-6). What is the remainder when 31/4*(h - -3) is divided by 11?
9
Let z = 179 + -47. Calculate the remainder when z is divided by 45.
42
Suppose 5*t = 3*j + 10, -j + 0*j = -t + 4. Let l be 2*-25 - 1 - 1. Calculate the remainder when l/t + 11/(-11) is divided by 13.
12
Let p be 934/8 + (-36)/48. Suppose 8 = -0*n + 2*n. What is the remainder when 17 is divided by n/(-6) - p/(-12)?
8
Let p = 1 + 11. Suppose i + 9 = 5*a, 2*i = 4 - p. What is the remainder when 1 is divided by a?
0
Let m(c) = c**3 + 6*c**2 - 2*c + 6. Suppose 5*x = 5*v - 155, 0*v + 40 = v + 2*x. What is the remainder when v is divided by m(-6)?
16
Let j(u) = -u**2 + 7*u - 2. Let k be j(6). Suppose 4*g = 2*g + k. Let i(v) = v**3 + 3*v - 2. Calculate the remainder when 35 is divided by i(g).
11
Let i(b) = b**3 - 8*b**2 + 2*b + 1. Let d be (64/20)/((-2)/(-5)). Let y be i(d). Suppose y = s + 4. What is the remainder when 50 is divided by s?
11
Let b(p) = -p**2 - 6*p - 3. Let x be b(-4). Suppose -43 = x*d - 333. What is the remainder when d is divided by 15?
13
Let g = 4 + 30. Let m(q) = q**2 + 9*q + 12. Let f be m(-8). Suppose -2*v = i - g, 3*v - 77 + 21 = -f*i. Calculate the remainder when v is divided by 9.
7
Calculate the remainder when 60 + 6/(-4)*2 is divided by 30.
27
Let k(w) = -2 - 4 - 5*w + 3. Calculate the remainder when k(-2) is divided by 3.
1
Let h be (-84)/1 + (1 - 0). Let m = h - -179. Suppose -4*r - 5*a = -10*a - 139, -3*r = -a - m. Calculate the remainder when r is divided by 11.
9
Let c = 49 + -41. Calculate the remainder when 22 is divided by c.
6
Let a(v) = -9*v - 10. What is the remainder when a(-6) is divided by 12?
8
Suppose 5*j - 2*j = 0. Calculate the remainder when 35 is divided by (-2 + j)/((-3)/18).
11
Suppose 6 = 5*o + 21. Suppose 0*s + 4*s = 12. What is the remainder when s is divided by o*6/27*-3?
1
Let s = -16 + 34. What is the remainder when s is divided by 7?
4
Let o be (-4)/(-8) - 1/(-2). Let s be ((-16)/6)/(o/(-3)). Suppose -4*k + 2*r = 5 - 13, -r + s = k. What is the remainder when 11 is divided by k?
3
Let p(m) = m**3 - 10*m**2 - 14*m + 8. Let s be p(11). What is the remainder when ((-110)/s)/((-2)/(-10